{"id":206,"date":"2020-10-29T12:53:49","date_gmt":"2020-10-29T12:53:49","guid":{"rendered":"https:\/\/infinity-studios.com.co\/?page_id=206"},"modified":"2025-01-06T14:48:38","modified_gmt":"2025-01-06T19:48:38","slug":"what-we-do","status":"publish","type":"page","link":"https:\/\/infinity-studios.com.co\/?page_id=206","title":{"rendered":"What We Do"},"content":{"rendered":"<h2>Preguntas Frecuentes<\/h2>\n<h5><strong>RESPUESTAS A LAS CONSULTAS FRECUENTES DE NUESTROS ASPIRANTES<\/strong><\/h5>\n<h4>\u00bfQu\u00e9 es el modelaje webcam?<\/h4>\n<p>El modelaje webcam es un trabajo enfocado en el entretenimiento para adultos donde se tiene interacci\u00f3n con personas a nivel mundial a trav\u00e9s de una c\u00e1mara web.<\/p>\n<p>\t\t\t\t\t\t\t\t\t\t\t\t\t<img fetchpriority=\"high\" decoding=\"async\" width=\"1340\" height=\"2016\" src=\"https:\/\/infinity-studios.com.co\/wp-content\/uploads\/2023\/03\/foto-1.jpg\" alt=\"\" srcset=\"https:\/\/infinity-studios.com.co\/wp-content\/uploads\/2023\/03\/foto-1.jpg 1340w, https:\/\/infinity-studios.com.co\/wp-content\/uploads\/2023\/03\/foto-1-199x300.jpg 199w, https:\/\/infinity-studios.com.co\/wp-content\/uploads\/2023\/03\/foto-1-681x1024.jpg 681w, https:\/\/infinity-studios.com.co\/wp-content\/uploads\/2023\/03\/foto-1-768x1155.jpg 768w, https:\/\/infinity-studios.com.co\/wp-content\/uploads\/2023\/03\/foto-1-1021x1536.jpg 1021w\" sizes=\"(max-width: 1340px) 100vw, 1340px\" \/>\t\t\t\t\t\t\t\t\t\t\t\t\t<\/p>\n<h4>\u00bfDebo tener experiencia?<\/h4>\n<p>No necesitas tener experiencia! Desde el primer d\u00eda te brindaremos capacitaci\u00f3n y acompa\u00f1amiento para que en poco tiempo te desarrolles como una modelo profesional. T\u00fa s\u00f3lo debes tener &#8220;actitud, carisma y buena energ\u00eda&#8221;.<\/p>\n<p>\t\t\t\t\t\t\t\t\t\t\t\t\t<img decoding=\"async\" src=\"https:\/\/infinity-studios.com.co\/wp-content\/uploads\/elementor\/thumbs\/DSC_0390-scaled-qxqadsxtpu2fiisqvj94ic179286ab2h3zhjnw31ns.jpg\" title=\"DSC_0390\" alt=\"DSC_0390\" loading=\"lazy\" \/>\t\t\t\t\t\t\t\t\t\t\t\t\t<\/p>\n<h4>\u00bfPueden verme en mi pa\u00eds? <\/h4>\n<p>Podemos bloquear los pa\u00edses y regiones donde no desees que te vean dentro de las plataformas, aunque es importante entender que la privacidad depende de todos. En Infinity studio te damos los tips para mantener tu imagen segura. Nosotros siempre vamos a trabajar en pro de tu seguridad y privacidad.<\/p>\n<p>\t\t\t\t\t\t\t\t\t\t\t\t\t<img decoding=\"async\" width=\"767\" height=\"1024\" src=\"https:\/\/infinity-studios.com.co\/wp-content\/uploads\/2024\/11\/WhatsApp-Image-2024-09-03-at-1.41.51-PM-767x1024.jpeg\" alt=\"\" srcset=\"https:\/\/infinity-studios.com.co\/wp-content\/uploads\/2024\/11\/WhatsApp-Image-2024-09-03-at-1.41.51-PM-767x1024.jpeg 767w, https:\/\/infinity-studios.com.co\/wp-content\/uploads\/2024\/11\/WhatsApp-Image-2024-09-03-at-1.41.51-PM-225x300.jpeg 225w, https:\/\/infinity-studios.com.co\/wp-content\/uploads\/2024\/11\/WhatsApp-Image-2024-09-03-at-1.41.51-PM-768x1025.jpeg 768w, https:\/\/infinity-studios.com.co\/wp-content\/uploads\/2024\/11\/WhatsApp-Image-2024-09-03-at-1.41.51-PM-1151x1536.jpeg 1151w, https:\/\/infinity-studios.com.co\/wp-content\/uploads\/2024\/11\/WhatsApp-Image-2024-09-03-at-1.41.51-PM.jpeg 1199w\" sizes=\"(max-width: 767px) 100vw, 767px\" \/>\t\t\t\t\t\t\t\t\t\t\t\t\t<\/p>\n<h4>\u00bfEl modelaje webcam es legal? <\/h4>\n<p>El modelaje Web Cam hace parte de la industria del entretenimiento para adultos, y esta catalogada como una actividad l\u00edcita. Debes ser mayor de edad y decidirlo de manera personal, nadie te puede forzar a ser modelo webcam.<\/p>\n<p>\t\t\t\t\t\t\t\t\t\t\t\t\t<img decoding=\"async\" width=\"683\" height=\"1024\" src=\"https:\/\/infinity-studios.com.co\/wp-content\/uploads\/2023\/03\/foto-4-683x1024.jpg\" alt=\"\" srcset=\"https:\/\/infinity-studios.com.co\/wp-content\/uploads\/2023\/03\/foto-4-683x1024.jpg 683w, https:\/\/infinity-studios.com.co\/wp-content\/uploads\/2023\/03\/foto-4-200x300.jpg 200w, https:\/\/infinity-studios.com.co\/wp-content\/uploads\/2023\/03\/foto-4-768x1152.jpg 768w, https:\/\/infinity-studios.com.co\/wp-content\/uploads\/2023\/03\/foto-4-1024x1536.jpg 1024w, https:\/\/infinity-studios.com.co\/wp-content\/uploads\/2023\/03\/foto-4-1365x2048.jpg 1365w, https:\/\/infinity-studios.com.co\/wp-content\/uploads\/2023\/03\/foto-4.jpg 1648w\" sizes=\"(max-width: 683px) 100vw, 683px\" \/>\t\t\t\t\t\t\t\t\t\t\t\t\t<\/p>\n<h4>\u00bfNecesito saber otro idioma? <\/h4>\n<p>El saber diferentes idiomas es una herramienta que har\u00e1 que tu crecimiento sea a\u00fan m\u00e1s r\u00e1pido e este medio teniendo en cuenta que la mayor\u00eda de usuarios en ingresan en las plataformas son de todo el mundo y el contar con otro idioma te permitir\u00e1 ser m\u00e1s comunicativo creando a\u00fan m\u00e1s conexiones y mejorando tus ingresos. Sin embargo en Infinity te acompa\u00f1aremos en el proceso de crear las conexiones mientras te animas a aprender otro idioma!<\/p>\n<p>\t\t\t\t\t\t\t\t\t\t\t\t\t<img loading=\"lazy\" decoding=\"async\" width=\"767\" height=\"1024\" src=\"https:\/\/infinity-studios.com.co\/wp-content\/uploads\/2024\/11\/WhatsApp-Image-2024-09-03-at-1.41.51-PM-1-767x1024.jpeg\" alt=\"\" srcset=\"https:\/\/infinity-studios.com.co\/wp-content\/uploads\/2024\/11\/WhatsApp-Image-2024-09-03-at-1.41.51-PM-1-767x1024.jpeg 767w, https:\/\/infinity-studios.com.co\/wp-content\/uploads\/2024\/11\/WhatsApp-Image-2024-09-03-at-1.41.51-PM-1-225x300.jpeg 225w, https:\/\/infinity-studios.com.co\/wp-content\/uploads\/2024\/11\/WhatsApp-Image-2024-09-03-at-1.41.51-PM-1-768x1025.jpeg 768w, https:\/\/infinity-studios.com.co\/wp-content\/uploads\/2024\/11\/WhatsApp-Image-2024-09-03-at-1.41.51-PM-1-1151x1536.jpeg 1151w, https:\/\/infinity-studios.com.co\/wp-content\/uploads\/2024\/11\/WhatsApp-Image-2024-09-03-at-1.41.51-PM-1.jpeg 1199w\" sizes=\"(max-width: 767px) 100vw, 767px\" \/>\t\t\t\t\t\t\t\t\t\t\t\t\t<\/p>\n<h4>\u00bfQu\u00e9 requisitos debo cumplir para ser modelo webcam?<\/h4>\n<p>\u00a0-Tener 18 a\u00f1os o m\u00e1s.<\/p>\n<p>\u00a0-Cedula o Pasaporte vigente o Licencia de conducir.<\/p>\n<p>\u00a0-Disciplina y mucha actitud.<\/p>\n<p>\t\t\t\t\t\t\t\t\t\t\t\t\t<img loading=\"lazy\" decoding=\"async\" width=\"683\" height=\"1024\" src=\"https:\/\/infinity-studios.com.co\/wp-content\/uploads\/2023\/03\/foto-6-683x1024.jpg\" alt=\"\" srcset=\"https:\/\/infinity-studios.com.co\/wp-content\/uploads\/2023\/03\/foto-6-683x1024.jpg 683w, https:\/\/infinity-studios.com.co\/wp-content\/uploads\/2023\/03\/foto-6-200x300.jpg 200w, https:\/\/infinity-studios.com.co\/wp-content\/uploads\/2023\/03\/foto-6-768x1152.jpg 768w, https:\/\/infinity-studios.com.co\/wp-content\/uploads\/2023\/03\/foto-6-1024x1536.jpg 1024w, https:\/\/infinity-studios.com.co\/wp-content\/uploads\/2023\/03\/foto-6-1365x2048.jpg 1365w, https:\/\/infinity-studios.com.co\/wp-content\/uploads\/2023\/03\/foto-6.jpg 1648w\" sizes=\"(max-width: 683px) 100vw, 683px\" \/>\t\t\t\t\t\t\t\t\t\t\t\t\t<\/p>\n<h4>\u00bfQu\u00e9 aspecto debo tener para ser modelo webcam?<\/h4>\n<p>En Infinity pensamos que todas las mujeres son hermosas, asi que no creemos en estereotipos, para nosotros es m\u00e1s importante tu disciplina, carisma y buena actitud antes que tu f\u00edsico, trabajamos en el autorreconocimiento y amor propio.<\/p>\n<p>\t\t\t\t\t\t\t\t\t\t\t\t\t<img loading=\"lazy\" decoding=\"async\" width=\"1024\" height=\"683\" src=\"https:\/\/infinity-studios.com.co\/wp-content\/uploads\/2023\/03\/foto-7-1024x683.jpg\" alt=\"\" srcset=\"https:\/\/infinity-studios.com.co\/wp-content\/uploads\/2023\/03\/foto-7-1024x683.jpg 1024w, https:\/\/infinity-studios.com.co\/wp-content\/uploads\/2023\/03\/foto-7-300x200.jpg 300w, https:\/\/infinity-studios.com.co\/wp-content\/uploads\/2023\/03\/foto-7-768x512.jpg 768w, https:\/\/infinity-studios.com.co\/wp-content\/uploads\/2023\/03\/foto-7.jpg 1368w\" sizes=\"(max-width: 1024px) 100vw, 1024px\" \/>\t\t\t\t\t\t\t\t\t\t\t\t\t<\/p>\n<h4>\u00bfCu\u00e1nto tiempo debo conectarme para tener buenos resultados? <\/h4>\n<p>En Infinity studio trabajamos turnos de 5 horas y media diarias,\u00a0 con la posibilidad de estar en l\u00ednea mas tiempo si la modelo lo desea. Debes en cuenta que entre m\u00e1s tiempo te conectes mayores son tus posibilidades de ganar dinero.<\/p>\n<p>\t\t\t\t\t\t\t\t\t\t\t\t\t<img loading=\"lazy\" decoding=\"async\" width=\"682\" height=\"1024\" src=\"https:\/\/infinity-studios.com.co\/wp-content\/uploads\/2023\/03\/foto-8-682x1024.jpg\" alt=\"\" srcset=\"https:\/\/infinity-studios.com.co\/wp-content\/uploads\/2023\/03\/foto-8-682x1024.jpg 682w, https:\/\/infinity-studios.com.co\/wp-content\/uploads\/2023\/03\/foto-8-200x300.jpg 200w, https:\/\/infinity-studios.com.co\/wp-content\/uploads\/2023\/03\/foto-8.jpg 687w\" sizes=\"(max-width: 682px) 100vw, 682px\" \/>\t\t\t\t\t\t\t\t\t\t\t\t\t<\/p>\n<h4>\u00bfPor qu\u00e9 es importante hacer parte de un estudio? <\/h4>\n<p>Ser modelo de estudio te permite tener un proceso de aprendizaje y disciplina que va a ser clave para tu crecimiento como modelo, adem\u00e1s en Infinity contamos con espacios especializados para una transmisi\u00f3n de calidad. Con equipos de \u00faltima tecnolog\u00eda, y gran capacidad de internet de fibra \u00f3ptica, adem\u00e1s de contar con el apoyo profesional de monitores y equipo administrativo que vela por tu seguridad y salud emocional, adem\u00e1s de contar con capacitaciones constantes que te apoyaran en tu crecimiento como modelo profesional.<\/p>\n<p>\t\t\t\t\t\t\t\t\t\t\t\t\t<img loading=\"lazy\" decoding=\"async\" width=\"1024\" height=\"683\" src=\"https:\/\/infinity-studios.com.co\/wp-content\/uploads\/2023\/03\/foto-9-1024x683.jpg\" alt=\"\" srcset=\"https:\/\/infinity-studios.com.co\/wp-content\/uploads\/2023\/03\/foto-9-1024x683.jpg 1024w, https:\/\/infinity-studios.com.co\/wp-content\/uploads\/2023\/03\/foto-9-300x200.jpg 300w, https:\/\/infinity-studios.com.co\/wp-content\/uploads\/2023\/03\/foto-9-768x512.jpg 768w, https:\/\/infinity-studios.com.co\/wp-content\/uploads\/2023\/03\/foto-9-1536x1024.jpg 1536w, https:\/\/infinity-studios.com.co\/wp-content\/uploads\/2023\/03\/foto-9-2048x1365.jpg 2048w\" sizes=\"(max-width: 1024px) 100vw, 1024px\" \/><\/p>\n","protected":false},"excerpt":{"rendered":"<p>Preguntas Frecuentes RESPUESTAS A LAS CONSULTAS FRECUENTES DE NUESTROS ASPIRANTES \u00bfQu\u00e9 es el modelaje webcam? El modelaje webcam es un trabajo enfocado en el entretenimiento para adultos donde se tiene interacci\u00f3n con personas a nivel mundial a trav\u00e9s de una c\u00e1mara web. \u00bfDebo tener experiencia? No necesitas tener experiencia! Desde el primer d\u00eda te brindaremos [&hellip;]<\/p>\n","protected":false},"author":1,"featured_media":0,"parent":0,"menu_order":0,"comment_status":"closed","ping_status":"closed","template":"","meta":{"site-sidebar-layout":"no-sidebar","site-content-layout":"page-builder","ast-site-content-layout":"full-width-container","site-content-style":"unboxed","site-sidebar-style":"unboxed","ast-global-header-display":"","ast-banner-title-visibility":"","ast-main-header-display":"","ast-hfb-above-header-display":"","ast-hfb-below-header-display":"","ast-hfb-mobile-header-display":"","site-post-title":"disabled","ast-breadcrumbs-content":"disabled","ast-featured-img":"disabled","footer-sml-layout":"","theme-transparent-header-meta":"enabled","adv-header-id-meta":"","stick-header-meta":"","header-above-stick-meta":"","header-main-stick-meta":"","header-below-stick-meta":"","astra-migrate-meta-layouts":"set","ast-page-background-enabled":"default","ast-page-background-meta":{"desktop":{"background-color":"","background-image":"","background-repeat":"repeat","background-position":"center center","background-size":"auto","background-attachment":"scroll","background-type":"","background-media":"","overlay-type":"","overlay-color":"","overlay-gradient":""},"tablet":{"background-color":"","background-image":"","background-repeat":"repeat","background-position":"center center","background-size":"auto","background-attachment":"scroll","background-type":"","background-media":"","overlay-type":"","overlay-color":"","overlay-gradient":""},"mobile":{"background-color":"","background-image":"","background-repeat":"repeat","background-position":"center center","background-size":"auto","background-attachment":"scroll","background-type":"","background-media":"","overlay-type":"","overlay-color":"","overlay-gradient":""}},"ast-content-background-meta":{"desktop":{"background-color":"var(--ast-global-color-5)","background-image":"","background-repeat":"repeat","background-position":"center center","background-size":"auto","background-attachment":"scroll","background-type":"","background-media":"","overlay-type":"","overlay-color":"","overlay-gradient":""},"tablet":{"background-color":"var(--ast-global-color-5)","background-image":"","background-repeat":"repeat","background-position":"center center","background-size":"auto","background-attachment":"scroll","background-type":"","background-media":"","overlay-type":"","overlay-color":"","overlay-gradient":""},"mobile":{"background-color":"var(--ast-global-color-5)","background-image":"","background-repeat":"repeat","background-position":"center center","background-size":"auto","background-attachment":"scroll","background-type":"","background-media":"","overlay-type":"","overlay-color":"","overlay-gradient":""}},"footnotes":""},"class_list":["post-206","page","type-page","status-publish","hentry"],"_links":{"self":[{"href":"https:\/\/infinity-studios.com.co\/index.php?rest_route=\/wp\/v2\/pages\/206","targetHints":{"allow":["GET"]}}],"collection":[{"href":"https:\/\/infinity-studios.com.co\/index.php?rest_route=\/wp\/v2\/pages"}],"about":[{"href":"https:\/\/infinity-studios.com.co\/index.php?rest_route=\/wp\/v2\/types\/page"}],"author":[{"embeddable":true,"href":"https:\/\/infinity-studios.com.co\/index.php?rest_route=\/wp\/v2\/users\/1"}],"replies":[{"embeddable":true,"href":"https:\/\/infinity-studios.com.co\/index.php?rest_route=%2Fwp%2Fv2%2Fcomments&post=206"}],"version-history":[{"count":128,"href":"https:\/\/infinity-studios.com.co\/index.php?rest_route=\/wp\/v2\/pages\/206\/revisions"}],"predecessor-version":[{"id":1291,"href":"https:\/\/infinity-studios.com.co\/index.php?rest_route=\/wp\/v2\/pages\/206\/revisions\/1291"}],"wp:attachment":[{"href":"https:\/\/infinity-studios.com.co\/index.php?rest_route=%2Fwp%2Fv2%2Fmedia&parent=206"}],"curies":[{"name":"wp","href":"https:\/\/api.w.org\/{rel}","templated":true}]}}